{"id":2497,"date":"2015-10-29T11:43:45","date_gmt":"2015-10-29T10:43:45","guid":{"rendered":"http:\/\/hundezentrum-reichertshofen.de\/?page_id=2497"},"modified":"2025-09-30T20:38:37","modified_gmt":"2025-09-30T18:38:37","slug":"aufnahmebedingungen","status":"publish","type":"page","link":"https:\/\/hundezentrum-reichertshofen.de\/?page_id=2497","title":{"rendered":"Aufnahmebedingungen"},"content":{"rendered":"<h1><span style=\"color: #000000;\">Aufnahmebedingungen<\/span><\/h1>\n<p><span style=\"color: #000000;\"><strong>Wir sind eine beh\u00f6rdlich genehmigte Hundepension und haben daher einige Auflagen zu erf\u00fcllen, die letztlich auch dem Schutz Ihres Hundes zugute kommen.<\/strong><\/span><\/p>\n<p><span style=\"color: #000000;\">Sollten Sie\u00a0<strong>Impfgegner<\/strong> sein, so haben Sie sicherlich gute Gr\u00fcnde. Allerdings ist eine Unterbringung bei uns dann ausgeschlossen.\u00a0 Bitte haben Sie Verst\u00e4ndnis, dass dies eine nicht diskutable Aufnahmebedingung ist. Ebenso verh\u00e4lt es sich mit dem Thema <strong>Kastration erwachsener R\u00fcden. <\/strong>\u00a0Auch hier\u00a0 respektieren wir andere Auffassungen, nur hilft das nun einmal nicht im Zusammenleben einer t\u00e4glich anders zsammengesetzten Hundegruppe. In solchen F\u00e4llen sind Sie einfach bei anderen Betreuungsformen besser aufgehoben.<\/span><\/p>\n<p><span style=\"color: #000000;\">Hier die kompletten Aufnahmebedingungen zu Ihrer Vorab-Information.\u00a0 Wir werden Ihnen dies beim Kennenlerntermin aber auch noch pers\u00f6nlich erkl\u00e4ren:<\/span><\/p>\n<p align=\"left\"><span style=\"color: #000000;\">Der Hundehalter ist verpflichtet, auf <strong>Verhaltensauff\u00e4lligkeiten<\/strong> seines Hundes hinzuweisen, insbesondere, wenn er schnappt, bei\u00dft, nachhaltig Menschen anknurrt oder der sogenannnten Kampfhundeverordnung unterliegt. Auch im Interesse der anderen G\u00e4ste werden nur geimpfte und entwurmte Tiere aufgenommen. Die\u00a0 Tiere m\u00fcssen <strong>frei von ansteckenden Krankheiten<\/strong> wie von Milben, Fl\u00f6hen, L\u00e4usen o. \u00e4.<\/span><\/p>\n<p align=\"left\"><span style=\"color: #000000;\">Da auch <strong>Magen-Darm-Erkrankungen<\/strong> durch eine Infektion verursacht sein k\u00f6nnen, m\u00fcssen diese durch einen Tierarzt auf eine m\u00f6gliche Ansteckungsgefahr f\u00fcr die anderen Pensionshunde hin abgekl\u00e4rt werden, wenn der Hund vor dem Pensionsaufenthalt daran erkrankt.<\/span><\/p>\n<p align=\"left\"><span style=\"color: #000000;\">Der Hund muss eine g\u00fcltige <strong>Impfung<\/strong> gegen die folgenden Impfungen haben: S H L T P (Staupe, Hepatitis, Leptospirose, Tollwut, Parvovirose). In den Wintermonaten muss der Hund zus\u00e4tzlich eine Impfung gegen &#8222;Zwingerhusten&#8220; (Parainfluenza) vorweisen k\u00f6nnen. Vor der Abgabe des Tieres ist der Impfausweis vorzulegen. Wir respektieren, dass manche Hundebesitzer Impfungen ablehnen, bitten gleichzeitig aber auch um Verst\u00e4ndnis, dass aufgrund der uns beh\u00f6rdlich auferlegten Vorgaben nicht geimpfte Hunde weder in die\u00a0Hundepension noch in die\u00a0Hundeschule aufgenommen werden d\u00fcrfen! Wir stehen Ihnen bei Fragen hierzu zur Verf\u00fcgung, gleichwohl: Es gibt keinen Gestaltungsspielraum.<\/span><\/p>\n<p align=\"left\"><span style=\"color: #000000;\">Des Hundezentrum praktiziert Gruppenhaltung. <strong>L\u00e4ufige H\u00fcndinnen<\/strong> k\u00f6nnen wir mit R\u00fccksicht auf die anderen Hunde nicht aufnehmen, da dies selbst f\u00fcr kastrierte R\u00fcden zu einer unertr\u00e4glichen Situation f\u00fchrt. Bitte stellen Sie daher unbedingt sicher, dass Ihre H\u00fcndin w\u00e4hrend des geplanten Aufenthaltes nicht l\u00e4ufig werden kann. Sollte dies dennoch passieren, muss sie &#8211; auch im Interesse des Hundes &#8211; unverz\u00fcglich abgeholt werden, gegebenenfalls durch eine zuvor von Ihnen bestimmte Person. Sollte dies nicht geschehen, erheben wir wegen des Mehraufwands einen zus\u00e4tzlichen Betrag von 50,-\u20ac ab dem Tag der L\u00e4ufigkeit und pro Aufenthaltstag.<\/span><\/p>\n<p align=\"left\"><span style=\"color: #000000;\">Wir nehmen <strong>keine<\/strong> geschlechtsreifen, <strong>unkastrierte R\u00fcden<\/strong> in unsere Gruppe auf. Wir kennen unsere Stammg\u00e4ste und k\u00f6nnen daher pauschal und ohne ihren Hund kennengelernt zu haben im Voraus sagen, dass wir einen unkastrierten R\u00fcden nicht in die bestehende Gruppe integrieren k\u00f6nnen. Auch wenn es bei Ihnen auf den Spazierg\u00e4ngen klappt und Ihr Hund wirklich sozialvertr\u00e4glich ist: Das Zusammenleben mit R\u00fcden, die nicht zur eigenen Familie geh\u00f6ren, unterliegt eigenen Gesetzen &#8211; und Testosteron ist da ein Faktor, der f\u00fcr einige Unruhe sorgt. Im 24-Stunden-Zusammenleben mit unbekannten Artgenossen k\u00f6nnte das nur mit viel Reglementierung funktionieren, und wir bitten um Ihr Verst\u00e4ndnis, dass wir das mit R\u00fccksicht auf die Ruhe in unserer Gruppe nicht machen m\u00f6chten.<\/span><\/p>\n<p align=\"left\"><span style=\"color: #000000;\">Dar\u00fcber hinaus k\u00f6nnen Hunde, die mit anderen Artgenossen eher unvertr\u00e4glich sind, im Sinne der anderen Gasthunde nur nach Absprache aufgenommen werden.<\/span><\/p>\n<h3 align=\"left\"><span style=\"color: #000000;\">Alte, schwache, kranke Hunde<\/span><\/h3>\n<p align=\"left\"><span style=\"color: #000000;\">Wir bitten um R\u00fccksichtnahme f\u00fcr Ihren Hund. \u00c4ltere oder kranke, geschw\u00e4chte Hunde brauchen mehr Ruhe und sind dem Herumtoben der J\u00fcngeren oft nicht mehr gewachsen.<\/span><\/p>\n<p align=\"left\"><span style=\"color: #000000;\">Erst recht gilt dies f\u00fcr Hunde, die noch nie von Zuhause fort waren. Sie nun im Alter von elf, zw\u00f6lf Jahren zum ersten Mal \u00fcberhaupt in eine Pension zu geben, wird in der Regel den Hund \u00fcberfordern. Wie hei\u00dft es doch: <em>&#8222;Einen alten Baum verpflanzt man nicht.&#8220;\u00a0<\/em><\/span><\/p>\n<p align=\"left\"><span style=\"color: #000000;\">&#8222;Da muss der Hund durch!&#8220;, mag manch einer sagen &#8211; dieser Meinung sind wir nicht. Wir verstehen uns nicht als eine Art &#8222;Gep\u00e4ckaufbewahrung&#8220;, sondern wir haben die Verantwortung f\u00fcr uns anvertraute Lebewesen und diese nehmen wir ernst. &#8222;Sie sind aber w\u00e4hlerisch!&#8220;, habe ich auch schon vorgeworfen bekommen. Ja, das sind wir wohl &#8211; aber ganz n\u00fcchtern betrachtet dient das ja dem Wohl der Hunde, und wer seinen Hund liebt, wird genau das wohl auch von seinem Hundebetreuer erwarten: Nicht die Betreuungsgeb\u00fchr im Blick zu haben, sondern, dass es dem jeweiligen Hund m\u00f6glichst gut geht, wenn er einmal nicht bei seinen gewohnten Menschen sein kann.<\/span><\/p>\n<p align=\"left\"><span style=\"color: #000000;\">Es ist gut, dass es unterschiedliche Betreuungsformen gibt: Dogwalker, Hundetagesst\u00e4tten mit Gruppenhaltung, Einzelbetreuung von anderen Hundehaltern oder manchmal sogar die Hundepension mit Einzelunterbringung &#8211; je nach Bed\u00fcrfnissen des Hundes.<\/span><\/p>\n<p align=\"left\"><span style=\"color: #000000;\">In diesem Sinne hoffen wir auf Ihr Verst\u00e4ndnis, wenn wir Ihnen irgendwann einmal sagen m\u00fcssen, dass wir nicht die richtige Betreuung f\u00fcr Ihren Hund sind. Manchmal haben wir einen anderen Blickwinkel, und letztlich m\u00fcssen wir uns ja auch der Situation gewachsen sehen.<\/span><\/p>\n","protected":false},"excerpt":{"rendered":"<p>Aufnahmebedingungen Wir sind eine beh\u00f6rdlich genehmigte Hundepension und haben daher einige Auflagen zu erf\u00fcllen, die letztlich auch dem Schutz Ihres Hundes zugute kommen. Sollten Sie\u00a0Impfgegner sein, so haben Sie sicherlich gute Gr\u00fcnde. Allerdings ist eine Unterbringung bei uns dann ausgeschlossen.\u00a0 Bitte haben Sie Verst\u00e4ndnis, dass dies eine nicht diskutable Aufnahmebedingung ist. Ebenso verh\u00e4lt es sich [&hellip;]<\/p>\n","protected":false},"author":1,"featured_media":0,"parent":22,"menu_order":6,"comment_status":"closed","ping_status":"closed","template":"","meta":{"footnotes":""},"class_list":["post-2497","page","type-page","status-publish","hentry"],"yoast_head":"<!-- This site is optimized with the Yoast SEO Premium plugin v15.0 - https:\/\/yoast.com\/wordpress\/plugins\/seo\/ -->\n<title>Aufnahmebedingungen | Hundezentrum Reichertshofen<\/title>\n<meta name=\"robots\" content=\"index, follow, max-snippet:-1, max-image-preview:large, max-video-preview:-1\" \/>\n<link rel=\"canonical\" href=\"https:\/\/hundezentrum-reichertshofen.de\/?page_id=2497\" \/>\n<meta property=\"og:locale\" content=\"de_DE\" \/>\n<meta property=\"og:type\" content=\"article\" \/>\n<meta property=\"og:title\" content=\"Aufnahmebedingungen | Hundezentrum Reichertshofen\" \/>\n<meta property=\"og:description\" content=\"Aufnahmebedingungen Wir sind eine beh\u00f6rdlich genehmigte Hundepension und haben daher einige Auflagen zu erf\u00fcllen, die letztlich auch dem Schutz Ihres Hundes zugute kommen. Sollten Sie\u00a0Impfgegner sein, so haben Sie sicherlich gute Gr\u00fcnde. Allerdings ist eine Unterbringung bei uns dann ausgeschlossen.\u00a0 Bitte haben Sie Verst\u00e4ndnis, dass dies eine nicht diskutable Aufnahmebedingung ist. Ebenso verh\u00e4lt es sich [&hellip;]\" \/>\n<meta property=\"og:url\" content=\"https:\/\/hundezentrum-reichertshofen.de\/?page_id=2497\" \/>\n<meta property=\"og:site_name\" content=\"Hundezentrum Reichertshofen\" \/>\n<meta property=\"article:publisher\" content=\"https:\/\/www.facebook.com\/Hundezentrum.Reichertshofen\/\" \/>\n<meta property=\"article:modified_time\" content=\"2025-09-30T18:38:37+00:00\" \/>\n<meta property=\"fb:app_id\" content=\"1621591891461663\" \/>\n<meta name=\"twitter:card\" content=\"summary\" \/>\n<script type=\"application\/ld+json\" class=\"yoast-schema-graph\">{\"@context\":\"https:\/\/schema.org\",\"@graph\":[{\"@type\":\"WebSite\",\"@id\":\"https:\/\/hundezentrum-reichertshofen.de\/#website\",\"url\":\"https:\/\/hundezentrum-reichertshofen.de\/\",\"name\":\"Hundezentrum Reichertshofen\",\"description\":\"Meine Hundeschule - Mein Hundehotel - Ladengesch\\u00e4ft und Online-Shop\",\"potentialAction\":[{\"@type\":\"SearchAction\",\"target\":\"https:\/\/hundezentrum-reichertshofen.de\/?s={search_term_string}\",\"query-input\":\"required name=search_term_string\"}],\"inLanguage\":\"de\"},{\"@type\":\"WebPage\",\"@id\":\"https:\/\/hundezentrum-reichertshofen.de\/?page_id=2497#webpage\",\"url\":\"https:\/\/hundezentrum-reichertshofen.de\/?page_id=2497\",\"name\":\"Aufnahmebedingungen | Hundezentrum Reichertshofen\",\"isPartOf\":{\"@id\":\"https:\/\/hundezentrum-reichertshofen.de\/#website\"},\"datePublished\":\"2015-10-29T10:43:45+00:00\",\"dateModified\":\"2025-09-30T18:38:37+00:00\",\"inLanguage\":\"de\",\"potentialAction\":[{\"@type\":\"ReadAction\",\"target\":[\"https:\/\/hundezentrum-reichertshofen.de\/?page_id=2497\"]}]}]}<\/script>\n<!-- \/ Yoast SEO Premium plugin. -->","_links":{"self":[{"href":"https:\/\/hundezentrum-reichertshofen.de\/index.php?rest_route=\/wp\/v2\/pages\/2497","targetHints":{"allow":["GET"]}}],"collection":[{"href":"https:\/\/hundezentrum-reichertshofen.de\/index.php?rest_route=\/wp\/v2\/pages"}],"about":[{"href":"https:\/\/hundezentrum-reichertshofen.de\/index.php?rest_route=\/wp\/v2\/types\/page"}],"author":[{"embeddable":true,"href":"https:\/\/hundezentrum-reichertshofen.de\/index.php?rest_route=\/wp\/v2\/users\/1"}],"replies":[{"embeddable":true,"href":"https:\/\/hundezentrum-reichertshofen.de\/index.php?rest_route=%2Fwp%2Fv2%2Fcomments&post=2497"}],"version-history":[{"count":21,"href":"https:\/\/hundezentrum-reichertshofen.de\/index.php?rest_route=\/wp\/v2\/pages\/2497\/revisions"}],"predecessor-version":[{"id":28868,"href":"https:\/\/hundezentrum-reichertshofen.de\/index.php?rest_route=\/wp\/v2\/pages\/2497\/revisions\/28868"}],"up":[{"embeddable":true,"href":"https:\/\/hundezentrum-reichertshofen.de\/index.php?rest_route=\/wp\/v2\/pages\/22"}],"wp:attachment":[{"href":"https:\/\/hundezentrum-reichertshofen.de\/index.php?rest_route=%2Fwp%2Fv2%2Fmedia&parent=2497"}],"curies":[{"name":"wp","href":"https:\/\/api.w.org\/{rel}","templated":true}]}}