{"id":22,"date":"2015-08-21T18:07:54","date_gmt":"2015-08-21T18:07:54","guid":{"rendered":"http:\/\/meinhundehotel.de\/?page_id=22"},"modified":"2025-09-30T20:35:02","modified_gmt":"2025-09-30T18:35:02","slug":"hundebetreuung","status":"publish","type":"page","link":"https:\/\/hundezentrum-reichertshofen.de\/?page_id=22","title":{"rendered":"Betreuungspreise"},"content":{"rendered":"<h1>Hundebetreuung bei uns<\/h1>\n<p><strong>Hundezentrum Reichertshofen &#8211; hier f\u00fchlt der Hund sich wohl, auch wenn er mal nicht bei seiner Familie sein kann!<\/strong><\/p>\n<p><strong>Das k\u00f6nnen wir Ihnen bieten:<\/strong><\/p>\n<ul>\n<li value=\"0\"><strong>Hundetagesst\u00e4tte<\/strong> tags\u00fcber f\u00fcr die regelm\u00e4\u00dfige und zuverl\u00e4ssige Betreuung w\u00e4hrend der Arbeitszeit<\/li>\n<li value=\"0\"><strong>Tagesbetreuung<\/strong>, wenn Sie etwas zu erledigen haben<\/li>\n<li value=\"0\"><strong>Urlaubsbetreuung<\/strong><\/li>\n<li value=\"0\"><strong>Sozialverhalten<\/strong>: Dosierte Gew\u00f6hnung des Hundes an Artgenossen und Schulung seines Umgangs untereinander<\/li>\n<\/ul>\n<p>Wir sind f\u00fcr Sie da &#8211; zuverl\u00e4ssig, an sieben Tagen in der Woche!<\/p>\n<p>Sie m\u00fcssen auf Dienstreise? Sie sind erkrankt und ben\u00f6tigen jemand, der sich zuverl\u00e4ssig um den Vierbeiner k\u00fcmmert?<\/p>\n<p>Wir sind f\u00fcr Sie da, wenn Sie uns brauchen, auch an Sonn- und Feiertagen.<\/p>\n<p>Wir haben den Anspruch, Ihnen das Leben mit Ihrem Hund so angenehm wie m\u00f6glich zu machen. Fragen Sie uns, wir finden in vielen F\u00e4llen\u00a0eine L\u00f6sung!<\/p>\n<h2>Vor dem ersten Aufenthalt bei uns<\/h2>\n<p><strong>Bitte beachten Sie, dass wir mit R\u00fccksicht auf die anderen G\u00e4ste und aufgrund unserer Gruppenhaltung vor jeder Aufnahme eines neuen Gastes einen Kennenlerntermin machen, bei dem Sie sich das Hundehotel in aller Ruhe ansehen k\u00f6nnen und wir gemeinsam einen Eindruck erhalten, ob sich Ihr Hund bei uns wohlf\u00fchlen k\u00f6nnte und ob wir ihn in unsere Gruppe integrieren k\u00f6nnen. An einem separaten Termin kommt der Hund dann zum Probewohnen inklusive \u00dcbernachtung. Erst dann k\u00f6nnen wir eine Betreuung zusagen.<\/strong><\/p>\n<p>Sollten Sie Interesse an einem solchen Termin haben, bitten wir Sie um eine Terminvereinbarung.<\/p>\n<p>Wir besprechen all dies gern mit Ihnen pers\u00f6nlich &#8211; bitte rufen Sie uns einfach an.<\/p>\n<h2><strong>Kann ich auch kurzfristig einen Platz buchen?<\/strong><\/h2>\n<p>Wenn Sie sich darauf verlassen m\u00f6chten, dass Ihr Hund professionell und zuverl\u00e4ssig w\u00e4hrend Ihres Urlaubs betreut wird und Sie ihn in unserem Hundehotel unterbringen m\u00f6chten, denken Sie bitte fr\u00fchzeitig an Reservierungen, besonders f\u00fcr die Schulferien und Feiertage! Dies gilt vor allem dann, wenn der Hund noch nicht bei uns Gast war.<\/p>\n<h2><strong>Die regelm\u00e4\u00dfige HuTa<\/strong><\/h2>\n<p>Wenn Sie an mehreren Tagen pro Woche eine zuverl\u00e4ssige Betreuung ben\u00f6tigen und Sie Ihrem Hund eine kompetente und liebevolle Betreuung w\u00e4hrend Ihrer\u00a0Arbeitszeit g\u00f6nnen m\u00f6chten, schauen Sie sich doch einmal unsere HuTa-Pauschale an: Unsere HuTa-G\u00e4ste mit Monatspauschale genie\u00dfen zahlreiche Vorteile, unter anderem ist ihnen montags bis freitags immer ein Platz reserviert, auch in den Schulferienzeiten, wenn wir teilweise Anfragen mangels freier Kapazit\u00e4ten ablehnen m\u00fcssen. Die Pauschale\u00a0hat eine\u00a0Mindestlaufzeit von drei Monaten.<\/p>\n<p>Bei Fragen stehen wir gern zur Verf\u00fcgung, auch telefonisch oder am besten beim pers\u00f6nlichen Gespr\u00e4ch hier in der Hundepension!<\/p>\n<h2>Weitere Informationen finden Sie unter:<\/h2>\n<p><a href=\"https:\/\/hundezentrum-reichertshofen.de\/hundebetreuung\/betreuungspreise\">Betreuungspreise<\/a> | <a href=\"https:\/\/hundezentrum-reichertshofen.de\/hundebetreuung\/die-hundezimmer\">Die Hundezimmer<\/a> |\u00a0<a href=\"https:\/\/hundezentrum-reichertshofen.de\/hundebetreuung\/hundebereich-draussen\">Die Hundeausl\u00e4ufe<\/a> | <a href=\"https:\/\/hundezentrum-reichertshofen.de\/hundebetreuung\/verpflegung\">Verpflegung<\/a> | <a href=\"https:\/\/hundezentrum-reichertshofen.de\/hundebetreuung\/wohlfuehlen\">Wohlf\u00fchlen<\/a> | <a href=\"https:\/\/hundezentrum-reichertshofen.de\/hundebetreuung\/aufnahmebedingungen\">Aufnahmebedingungen<\/a> | <a href=\"http:\/\/Annahme und Ausgabe der\">Annahme und Ausgabe der Hunde<\/a><\/p>\n","protected":false},"excerpt":{"rendered":"<p>Hundebetreuung bei uns Hundezentrum Reichertshofen &#8211; hier f\u00fchlt der Hund sich wohl, auch wenn er mal nicht bei seiner Familie sein kann! Das k\u00f6nnen wir Ihnen bieten: Hundetagesst\u00e4tte tags\u00fcber f\u00fcr die regelm\u00e4\u00dfige und zuverl\u00e4ssige Betreuung w\u00e4hrend der Arbeitszeit Tagesbetreuung, wenn Sie etwas zu erledigen haben Urlaubsbetreuung Sozialverhalten: Dosierte Gew\u00f6hnung des Hundes an Artgenossen und Schulung [&hellip;]<\/p>\n","protected":false},"author":1,"featured_media":0,"parent":0,"menu_order":4,"comment_status":"closed","ping_status":"closed","template":"","meta":{"footnotes":""},"class_list":["post-22","page","type-page","status-publish","hentry"],"yoast_head":"<!-- This site is optimized with the Yoast SEO Premium plugin v15.0 - https:\/\/yoast.com\/wordpress\/plugins\/seo\/ -->\n<title>Betreuungspreise | Hundezentrum Reichertshofen<\/title>\n<meta name=\"robots\" content=\"index, follow, max-snippet:-1, max-image-preview:large, max-video-preview:-1\" \/>\n<link rel=\"canonical\" href=\"https:\/\/hundezentrum-reichertshofen.de\/?page_id=22\" \/>\n<meta property=\"og:locale\" content=\"de_DE\" \/>\n<meta property=\"og:type\" content=\"article\" \/>\n<meta property=\"og:title\" content=\"Betreuungspreise | Hundezentrum Reichertshofen\" \/>\n<meta property=\"og:description\" content=\"Hundebetreuung bei uns Hundezentrum Reichertshofen &#8211; hier f\u00fchlt der Hund sich wohl, auch wenn er mal nicht bei seiner Familie sein kann! Das k\u00f6nnen wir Ihnen bieten: Hundetagesst\u00e4tte tags\u00fcber f\u00fcr die regelm\u00e4\u00dfige und zuverl\u00e4ssige Betreuung w\u00e4hrend der Arbeitszeit Tagesbetreuung, wenn Sie etwas zu erledigen haben Urlaubsbetreuung Sozialverhalten: Dosierte Gew\u00f6hnung des Hundes an Artgenossen und Schulung [&hellip;]\" \/>\n<meta property=\"og:url\" content=\"https:\/\/hundezentrum-reichertshofen.de\/?page_id=22\" \/>\n<meta property=\"og:site_name\" content=\"Hundezentrum Reichertshofen\" \/>\n<meta property=\"article:publisher\" content=\"https:\/\/www.facebook.com\/Hundezentrum.Reichertshofen\/\" \/>\n<meta property=\"article:modified_time\" content=\"2025-09-30T18:35:02+00:00\" \/>\n<meta property=\"fb:app_id\" content=\"1621591891461663\" \/>\n<meta name=\"twitter:card\" content=\"summary\" \/>\n<script type=\"application\/ld+json\" class=\"yoast-schema-graph\">{\"@context\":\"https:\/\/schema.org\",\"@graph\":[{\"@type\":\"WebSite\",\"@id\":\"https:\/\/hundezentrum-reichertshofen.de\/#website\",\"url\":\"https:\/\/hundezentrum-reichertshofen.de\/\",\"name\":\"Hundezentrum Reichertshofen\",\"description\":\"Meine Hundeschule - Mein Hundehotel - Ladengesch\\u00e4ft und Online-Shop\",\"potentialAction\":[{\"@type\":\"SearchAction\",\"target\":\"https:\/\/hundezentrum-reichertshofen.de\/?s={search_term_string}\",\"query-input\":\"required name=search_term_string\"}],\"inLanguage\":\"de\"},{\"@type\":\"WebPage\",\"@id\":\"https:\/\/hundezentrum-reichertshofen.de\/?page_id=22#webpage\",\"url\":\"https:\/\/hundezentrum-reichertshofen.de\/?page_id=22\",\"name\":\"Betreuungspreise | Hundezentrum Reichertshofen\",\"isPartOf\":{\"@id\":\"https:\/\/hundezentrum-reichertshofen.de\/#website\"},\"datePublished\":\"2015-08-21T18:07:54+00:00\",\"dateModified\":\"2025-09-30T18:35:02+00:00\",\"inLanguage\":\"de\",\"potentialAction\":[{\"@type\":\"ReadAction\",\"target\":[\"https:\/\/hundezentrum-reichertshofen.de\/?page_id=22\"]}]}]}<\/script>\n<!-- \/ Yoast SEO Premium plugin. -->","_links":{"self":[{"href":"https:\/\/hundezentrum-reichertshofen.de\/index.php?rest_route=\/wp\/v2\/pages\/22","targetHints":{"allow":["GET"]}}],"collection":[{"href":"https:\/\/hundezentrum-reichertshofen.de\/index.php?rest_route=\/wp\/v2\/pages"}],"about":[{"href":"https:\/\/hundezentrum-reichertshofen.de\/index.php?rest_route=\/wp\/v2\/types\/page"}],"author":[{"embeddable":true,"href":"https:\/\/hundezentrum-reichertshofen.de\/index.php?rest_route=\/wp\/v2\/users\/1"}],"replies":[{"embeddable":true,"href":"https:\/\/hundezentrum-reichertshofen.de\/index.php?rest_route=%2Fwp%2Fv2%2Fcomments&post=22"}],"version-history":[{"count":22,"href":"https:\/\/hundezentrum-reichertshofen.de\/index.php?rest_route=\/wp\/v2\/pages\/22\/revisions"}],"predecessor-version":[{"id":28870,"href":"https:\/\/hundezentrum-reichertshofen.de\/index.php?rest_route=\/wp\/v2\/pages\/22\/revisions\/28870"}],"wp:attachment":[{"href":"https:\/\/hundezentrum-reichertshofen.de\/index.php?rest_route=%2Fwp%2Fv2%2Fmedia&parent=22"}],"curies":[{"name":"wp","href":"https:\/\/api.w.org\/{rel}","templated":true}]}}