{"id":15,"date":"2015-08-21T16:42:30","date_gmt":"2015-08-21T16:42:30","guid":{"rendered":"http:\/\/meinhundehotel.de\/?page_id=15"},"modified":"2025-11-06T12:06:11","modified_gmt":"2025-11-06T11:06:11","slug":"ueber-uns","status":"publish","type":"page","link":"https:\/\/hundezentrum-reichertshofen.de\/?page_id=15","title":{"rendered":"Kontakt"},"content":{"rendered":"<h1><span style=\"color: #000000;\">Hundezentrum Reichertshofen<\/span><\/h1>\n<h3><span style=\"color: #000000;\">Anprechpartner &amp; Kontakt:<\/span><\/h3>\n<p><span style=\"color: #000000;\">Felix Klapperich<\/span><br \/>\n<span style=\"color: #000000;\">Telefon: 08453 334634<\/span><br \/>\n<span style=\"color: #000000;\">Telefax: 08453 334692<\/span><\/p>\n<p>Mobil Felix Klapperich 0174 3108805<\/p>\n<p>Mobil Denis Arz 01525 3031283<\/p>\n<p><span style=\"color: #000000;\">E-Mail: post@hundezentrum-reichertshofen.de<\/span><\/p>\n<p>&nbsp;<\/p>\n<h3><span style=\"color: #000000;\">Unsere \u00d6ffnungszeiten:<\/span><\/h3>\n<p><span style=\"color: #000000;\"><strong>Montag bis Freitag:<\/strong><\/span><br \/>\n<span style=\"color: #000000;\">7.00 \u2013 10.00 Uhr<\/span><br \/>\n<span style=\"color: #000000;\">16.30 \u2013 19.00 Uhr<\/span><br \/>\n<span style=\"color: #000000;\"><strong>Samstag:<\/strong><\/span><br \/>\n<span style=\"color: #000000;\">8.00 \u2013 9.00 Uhr<\/span><br \/>\n<span style=\"color: #000000;\">17.00 \u2013 19.00 Uhr<\/span><\/p>\n<p><span style=\"color: #000000;\">Heiligabend und Silvester betreuen wir zwar Pensionsg\u00e4ste, an diesen Tagen aber weder Annahme noch Ausgabe von Hunden, um die Ruhe in der Gruppe nicht zu st\u00f6ren.<\/span><br \/>\n<span style=\"color: #000000;\">Unser Ladengesch\u00e4ft ist im Rahmen der gesetzlichen \u00d6ffnungszeiten ge\u00f6ffnet.<\/span><\/p>\n<p><span style=\"color: #000000;\">Da wir immer viel mit den Hunden und ihren Zweibeinern besch\u00e4ftigt sind, bitten wir Sie, <strong>Buchungsanfragen f\u00fcr die Hundepension<\/strong> m\u00f6glichst per Mail zu senden.<\/span><\/p>\n<p><span style=\"color: #000000;\">Kennenlerntermine f\u00fcr die <strong>Hundepension nur nach vorheriger telefonischer Vereinbarung<\/strong>.<\/span><\/p>\n<p><span style=\"color: #000000;\">Hier finden Sie das Hundezentrum Reichertshofen: 85084 Reichertshofen. Stockau 12<\/span><\/p>\n<p><span style=\"color: #000000;\">Achtung: Nicht verwechseln mit der Stockauer Stra\u00dfe in der Nachbargemeinde Baar!<\/span><\/p>\n<p><span style=\"color: #000000;\">Zur Orientierung: Direkt am Fluss Paar, auf der anderen Flussseite ist eine hohe Geb\u00e4udegruppe (ehemalige Getreide-M\u00fchle)<\/span><\/p>\n<p><span style=\"color: #000000;\">GPS: N 48.66218, E 11.47069<\/span><\/p>\n","protected":false},"excerpt":{"rendered":"<p>Hundezentrum Reichertshofen Anprechpartner &amp; Kontakt: Felix Klapperich Telefon: 08453 334634 Telefax: 08453 334692 Mobil Felix Klapperich 0174 3108805 Mobil Denis Arz 01525 3031283 E-Mail: post@hundezentrum-reichertshofen.de &nbsp; Unsere \u00d6ffnungszeiten: Montag bis Freitag: 7.00 \u2013 10.00 Uhr 16.30 \u2013 19.00 Uhr Samstag: 8.00 \u2013 9.00 Uhr 17.00 \u2013 19.00 Uhr Heiligabend und Silvester betreuen wir zwar Pensionsg\u00e4ste, [&hellip;]<\/p>\n","protected":false},"author":1,"featured_media":0,"parent":0,"menu_order":7,"comment_status":"closed","ping_status":"closed","template":"","meta":{"footnotes":""},"class_list":["post-15","page","type-page","status-publish","hentry"],"yoast_head":"<!-- This site is optimized with the Yoast SEO Premium plugin v15.0 - https:\/\/yoast.com\/wordpress\/plugins\/seo\/ -->\n<title>Kontakt | Hundezentrum Reichertshofen<\/title>\n<meta name=\"robots\" content=\"index, follow, max-snippet:-1, max-image-preview:large, max-video-preview:-1\" \/>\n<link rel=\"canonical\" href=\"https:\/\/hundezentrum-reichertshofen.de\/?page_id=15\" \/>\n<meta property=\"og:locale\" content=\"de_DE\" \/>\n<meta property=\"og:type\" content=\"article\" \/>\n<meta property=\"og:title\" content=\"Kontakt | Hundezentrum Reichertshofen\" \/>\n<meta property=\"og:description\" content=\"Hundezentrum Reichertshofen Anprechpartner &amp; Kontakt: Felix Klapperich Telefon: 08453 334634 Telefax: 08453 334692 Mobil Felix Klapperich 0174 3108805 Mobil Denis Arz 01525 3031283 E-Mail: post@hundezentrum-reichertshofen.de &nbsp; Unsere \u00d6ffnungszeiten: Montag bis Freitag: 7.00 \u2013 10.00 Uhr 16.30 \u2013 19.00 Uhr Samstag: 8.00 \u2013 9.00 Uhr 17.00 \u2013 19.00 Uhr Heiligabend und Silvester betreuen wir zwar Pensionsg\u00e4ste, [&hellip;]\" \/>\n<meta property=\"og:url\" content=\"https:\/\/hundezentrum-reichertshofen.de\/?page_id=15\" \/>\n<meta property=\"og:site_name\" content=\"Hundezentrum Reichertshofen\" \/>\n<meta property=\"article:publisher\" content=\"https:\/\/www.facebook.com\/Hundezentrum.Reichertshofen\/\" \/>\n<meta property=\"article:modified_time\" content=\"2025-11-06T11:06:11+00:00\" \/>\n<meta property=\"fb:app_id\" content=\"1621591891461663\" \/>\n<meta name=\"twitter:card\" content=\"summary\" \/>\n<script type=\"application\/ld+json\" class=\"yoast-schema-graph\">{\"@context\":\"https:\/\/schema.org\",\"@graph\":[{\"@type\":\"WebSite\",\"@id\":\"https:\/\/hundezentrum-reichertshofen.de\/#website\",\"url\":\"https:\/\/hundezentrum-reichertshofen.de\/\",\"name\":\"Hundezentrum Reichertshofen\",\"description\":\"Meine Hundeschule - Mein Hundehotel - Ladengesch\\u00e4ft und Online-Shop\",\"potentialAction\":[{\"@type\":\"SearchAction\",\"target\":\"https:\/\/hundezentrum-reichertshofen.de\/?s={search_term_string}\",\"query-input\":\"required name=search_term_string\"}],\"inLanguage\":\"de\"},{\"@type\":\"WebPage\",\"@id\":\"https:\/\/hundezentrum-reichertshofen.de\/?page_id=15#webpage\",\"url\":\"https:\/\/hundezentrum-reichertshofen.de\/?page_id=15\",\"name\":\"Kontakt | Hundezentrum Reichertshofen\",\"isPartOf\":{\"@id\":\"https:\/\/hundezentrum-reichertshofen.de\/#website\"},\"datePublished\":\"2015-08-21T16:42:30+00:00\",\"dateModified\":\"2025-11-06T11:06:11+00:00\",\"inLanguage\":\"de\",\"potentialAction\":[{\"@type\":\"ReadAction\",\"target\":[\"https:\/\/hundezentrum-reichertshofen.de\/?page_id=15\"]}]}]}<\/script>\n<!-- \/ Yoast SEO Premium plugin. -->","_links":{"self":[{"href":"https:\/\/hundezentrum-reichertshofen.de\/index.php?rest_route=\/wp\/v2\/pages\/15","targetHints":{"allow":["GET"]}}],"collection":[{"href":"https:\/\/hundezentrum-reichertshofen.de\/index.php?rest_route=\/wp\/v2\/pages"}],"about":[{"href":"https:\/\/hundezentrum-reichertshofen.de\/index.php?rest_route=\/wp\/v2\/types\/page"}],"author":[{"embeddable":true,"href":"https:\/\/hundezentrum-reichertshofen.de\/index.php?rest_route=\/wp\/v2\/users\/1"}],"replies":[{"embeddable":true,"href":"https:\/\/hundezentrum-reichertshofen.de\/index.php?rest_route=%2Fwp%2Fv2%2Fcomments&post=15"}],"version-history":[{"count":29,"href":"https:\/\/hundezentrum-reichertshofen.de\/index.php?rest_route=\/wp\/v2\/pages\/15\/revisions"}],"predecessor-version":[{"id":28887,"href":"https:\/\/hundezentrum-reichertshofen.de\/index.php?rest_route=\/wp\/v2\/pages\/15\/revisions\/28887"}],"wp:attachment":[{"href":"https:\/\/hundezentrum-reichertshofen.de\/index.php?rest_route=%2Fwp%2Fv2%2Fmedia&parent=15"}],"curies":[{"name":"wp","href":"https:\/\/api.w.org\/{rel}","templated":true}]}}